bb1
What is 13323 (base 4) in base 7?
1323
3188 (base 11) to base 15
13aa
What is -2732 (base 8) in base 12?
-a4a
2838 (base 14) to base 7
26501
What is 16a4 (base 13) in base 2?
110100010001
What is 1b5e (base 15) in base 9?
8128
What is -10001010001101 (base 2) in base 6?
-104541
What is 166 (base 8) in base 5?
433
3412 (base 5) to base 6
2122
What is 150 (base 15) in base 2?
100101100
What is 30312 (base 5) in base 16?
7a5
Convert -60144 (base 7) to base 10.
-14487
Convert -624 (base 15) to base 6.
-10224
What is -214405 (base 6) in base 2?
-100010111000101
What is 218 (base 15) in base 7?
1244
-1b5 (base 16) to base 4
-12311
What is -142342 (base 5) in base 12?
-3558
18657 (base 9) to base 8
31203
Convert 14830 (base 9) to base 14.
39b2
-33130 (base 4) to base 5
-12423
Convert 1c9 (base 15) to base 10.
414
Convert -201201 (base 3) to base 11.
-444
Convert -750 (base 12) to base 14.
-564
Convert 468 (base 9) to base 11.
321
What is 12002200 (base 3) in base 15?
117c
-1b9 (base 12) to base 14
-165
Convert 101030 (base 4) to base 3.
1111202
Convert 424400 (base 5) to base 16.
380e
110111011100000 (base 2) to base 16
6ee0
Convert 211110 (base 4) to base 7.
6651
Convert 779 (base 10) to base 8.
1413
-16466 (base 7) to base 15
-15d8
What is 8642 (base 11) in base 6?
124512
What is -118f (base 16) in base 10?
-4495
What is -70a5 (base 16) in base 6?
-341301
Convert -6220 (base 7) to base 8.
-4172
Convert -11022 (base 3) to base 10.
-116
Convert 20222112 (base 3) to base 5.
130330
Convert 3459 (base 12) to base 15.
1ad9
What is -11010101011 (base 2) in base 14?
-89d
Convert -656 (base 7) to base 15.
-175
34720 (base 10) to base 5
2102340
-45017 (base 9) to base 2
-111010011010001
What is 1844 (base 16) in base 2?
1100001000100
Convert -11907 (base 13) to base 15.
-9876
What is 14156 (base 7) in base 14?
159d
Convert 110010111101 (base 2) to base 6.
23033
16 (base 11) to base 16
11
What is -a2a (base 15) in base 5?
-33130
What is -56400 (base 7) in base 16?
-37b3
What is -112111211 (base 3) in base 6?
-120551
What is -1121022002 (base 3) in base 14?
-b709
d54 (base 15) to base 9
4107
What is -41113 (base 5) in base 12?
-1656
198 (base 10) to base 15
d3
-2301 (base 8) to base 14
-62d
Convert -363 (base 8) to base 14.
-135
-10110100100 (base 2) to base 3
-1222111
Convert 1020010 (base 3) to base 8.
1576
733 (base 8) to base 11
3a2
-11007 (base 8) to base 12
-2807
Convert 313 (base 5) to base 6.
215
-270 (base 13) to base 12
-2b9
What is 101214 (base 5) in base 7?
12435
Convert 1424043 (base 6) to base 16.
13d5b
-10444 (base 7) to base 14
-d5b
Convert -33515 (base 7) to base 3.
-102122102
-3510 (base 6) to base 12
-596
Convert -36316 (base 7) to base 12.
-5551
-333220 (base 7) to base 5
-3340030
-20114 (base 6) to base 13
-127c
What is 202 (base 5) in base 10?
52
4504 (base 6) to base 15
49d
What is -18104 (base 10) in base 13?
-8318
-191c (base 16) to base 9
-8732
930 (base 12) to base 4
110310
What is 204313 (base 5) in base 6?
51345
Convert 13133 (base 4) to base 5.
3404
What is -13323013 (base 4) in base 5?
-2014310
What is 2130 (base 6) in base 14?
26a
-122230 (base 5) to base 9
-6381
355 (base 13) to base 9
711
What is 1101100010010 (base 2) in base 16?
1b12
What is -100100111011000 (base 2) in base 7?
-106054
What is 2098 (base 11) in base 14?
101b
-24203 (base 6) to base 10
-3531
Convert -3702 (base 15) to base 6.
-130102
Convert -55562 (base 7) to base 14.
-5169
-334 (base 10) to base 14
-19c
What is -15922 (base 12) in base 3?
-1120002222
-355 (base 11) to base 2
-110100111
What is -1532 (base 9) in base 14?
-5d1
What is -8c5 (base 13) in base 15?
-6ad
-1424233 (base 5) to base 6
-350343
-100011010000100 (base 2) to base 10
-18052
Convert -4980 (base 11) to base 14.
-2525
-23422 (base 6) to base 11
-260a
-14231 (base 5) to base 9
-1563
What is -32051 (base 8) in base 5?
-411403
What is 9dc8 (base 14) in base 15?
81d0
65 (base 16) to base 9
122
-10705 (base 15) to base 7
-305126
-2044 (base 6) to base 2
-111001100
What is -211011110 (base 3) in base 9?
-24143
What is -1000000000001 (base 2) in base 10?
-4097
Convert -ed1 (base 16) to base 2.
-111011010001
What is 90d (base 15) in base 2?
11111110110
66b9 (base 12) to base 14
4205
103222 (base 4) to base 9
1647
100203012 (base 4) to base 6
1241450
Convert -314210 (base 5) to base 8.
-24473
Convert -243033 (base 5) to base 10.
-9143
What is -d6f (base 16) in base 2?
-110101101111
What is -210212 (base 3) in base 14?
-302
What is -129e (base 15) in base 7?
-14405
Convert -9d6 (base 15) to base 5.
-32401
What is 43021 (base 6) in base 10?
5845
What is 181 (base 14) in base 8?
465
What is -333 (base 10) in base 7?
-654
Convert 1101110011 (base 2) to base 13.
52c
What is -274 (base 10) in base 8?
-422
252 (base 9) to base 11
180
-a5cb (base 15) to base 5
-2110231
-534 (base 11) to base 3
-212210
What is -826 (base 11) in base 4?
-33210
-1222 (base 4) to base 3
-10221
Convert 303410 (base 5) to base 11.
744a
-1002001100 (base 3) to base 4
-11022321
2044221 (base 5) to base 14
c70b
Convert -762 (base 14) to base 9.
-2000
-143 (base 12) to base 10
-195
What is 30300 (base 5) in base 3?
2200020
What is -13063 (base 8) in base 10?
-5683
170b (base 14) to base 4
1000133
Convert 28968 (base 10) to base 3.
1110201220
-243a (base 15) to base 8
-17031
What is -556 (base 10) in base 11?
-466
213123 (base 6) to base 12
a1a3
Convert 1417 (base 14) to base 12.
2079
What is 1b05 (base 16) in base 13?
31c1
What is b0 (base 13) in base 10?
143
What is -102111 (base 3) in base 14?
-182
What is -202103 (base 5) in base 3?
-22221210
10300 (base 6) to base 14
724
Convert -2d (base 15) to base 16.
-2b
22283 (base 11) to base 13
118cb
Convert 40300 (base 8) to base 16.
40c0
10010001101 (base 2) to base 14
5d3
What is 10100111111010 (base 2) in base 14?
3cb8
Convert 2022110 (base 3) to base 9.
2273
Convert -21122203 (base 4) to base 5.
-2213223
Convert 5d98 (base 15) to base 11.
13a90
What is -13420 (base 6) in base 9?
-2783
What is 12644 (base 7) in base 9?
4612
203 (base 14) to base 2
110001011
What is 11831 (base 13) in base 3?
1122002202
Convert -1d6e (base 15) to base 14.
-2496
110101001110101 (base 2) to base 5
1333003
What is 2183 (base 9) in base 3?
2012210
What is 2222 (base 5) in base 6?
1240
What is -110120 (base 3) in base 12?
-243
What is -325 (base 11) in base 16?
-186
-1cbc (base 14) to base 16
-148e
36c (base 14) to base 12
490
34431 (base 6) to base 2
1001100110011
What is 20220001 (base 4) in base 13?
13108
What is 3a7 (base 11) in base 12?
340
-30772 (base 8) to base 10
-12794
What is 45145 (base 9) in base 13?
10877
Convert 222415 (base 6) to base 7.
105416
What is -5595 (base 11) in base 16?
-1cc4
11154 (base 7) to base 9
3786
What is -22332 (base 8) in base 11?
-70a7
What is 1260 (base 10) in base 8?
2354
Convert -92 (base 15) to base 12.
-b5
What is 101010000111 (base 2) in base 8?
5207
Convert -13334 (base 5) to base 8.
-2106
What is -ed (base 15) in base 12?
-167
What is -22694 (base 13) in base 16?
-f4bb
What is 101441 (base 8) in base 3?
1201001022
-232351 (base 6) to base 5
-1120021
234 (base 9) to base 6
521
Convert -121220111 (base 3) to base 8.
-30045
What is 62a3 (base 12) in base 4?
2220123
Convert -1787 (base 13) to base 12.
-202b
Convert -212 (base 13) to base 16.
-161
Convert -2202 (base 3) to base 8.
-112
Convert -76 (base 15) to base 8.
-157
-9245 (base 11) to base 8
-27756
2d4 (base 16) to base 4
23110
What is 1011010100 (base 2) in base 3?
222211
4030 (base 8) to base 15
932
What is -120101 (base 3) in base 5?
-3130
20102212 (base 3) to base 16
1256
-20210001 (base 4) to base 14
-cad3
What is 1201102 (base 3) in base 5?
20003
-1000100100 (base 2) to base 10
-548
What is -66410 (base 7) in base 11?
-11582
-180 (base 10) to base 7
-345
What is 2104 (base 6) in base 15?
217
Convert -13311 (base 5) to base 15.
-4c1
Convert 2332 (base 12) to base 11.
2a4a
102343 (base 6) to base 12
49b3
-4bd2 (base 15) to base 2
-11111100101100
115 (base 15) to base 3
100002
What is -39d (base 15) in base 13?
-4b4
What is -216a (base 11) in base 10?
-2859
What is 14b (base 16) in base 6?
1311
-14505 (base 7) to base 8
-7667
What is -619 (base 13) in base 12?
-724
Convert 4726 (base 10) to base 7.
16